et u = 41 - 13. Let c = o + u. What is the greatest common factor of 16 and c?
8
Suppose 4*c = 56 + 36. Let j be ((-1241)/(-51))/((-1)/(-3)). Let l = 96 - j. What is the greatest common divisor of c and l?
23
Let v = 18075 + -17900. Calculate the highest common factor of v and 2765.
35
Suppose -3*w + 1391 = -2*s, s - 2 = w - 466. Let n = w - -808. Calculate the highest common factor of n and 31.
31
Let w = 6 - 3. Suppose 40 = -0*b + b - 5*i, -4*b - w*i = -183. Suppose 540 = -377*g + 437*g. Calculate the greatest common factor of b and g.
9
Let v(t) = 8*t - 160. Let y be v(21). Suppose -g + 5*i = g + 12, 0 = 2*i - y. Calculate the greatest common factor of 68 and g.
4
Let r be (-1 - 5)*1/2. Let m(u) = -39*u + 3. Let s be m(r). Let l = -203075 + 203090. What is the greatest common factor of s and l?
15
Let h(a) = 1809*a - 10566. Let d be h(6). Let v = -6 - -9. Let j = 35 - v. Calculate the highest common factor of j and d.
32
Let l(t) = t**3 + 36*t**2 - 39*t - 73. Let n be l(-37). Let y be -1 - -38 - (n + -2 + -4). What is the highest common factor of y and 63?
21
Let b(o) = 2880*o - 5196. Let u be b(11). Calculate the highest common divisor of 12 and u.
12
Let l = -7 - -111. Let o be ((-5)/5 - 200)*1. Let m = 214 + o. Calculate the highest common divisor of m and l.
13
Let t be (-980)/343*(-7)/2. Suppose g = t*z - 6*z - 164, -46 = -z - g. What is the highest common divisor of z and 154?
14
Suppose 2*l - 35 = -5*l. Suppose 3*i = -4*b + 27, -3*b + 37 = l*i + b. Let q be 24*i/((-20)/(-3)). Calculate the highest common divisor of 9 and q.
9
Let u be (-9*(-7 - -4)/63)/((-4)/(-28)). Calculate the highest common divisor of 3309 and u.
3
Let o = -751 - -760. Suppose -2*y = -5*p - 391, -o*p = 2*y - 5*p - 436. Calculate the greatest common divisor of y and 16.
16
Let t = -23192 + 23332. Suppose -4*i + 776 = 4*a, 5*i - a - 988 = 3*a. What is the highest common factor of t and i?
28
Let k(v) = 12*v**2 - v + 1. Let w be k(-3). Let z be 3756/2191 + -3 + (-174)/(-21). What is the greatest common divisor of z and w?
7
Let g(z) = 9*z - 27. Let t be g(6). Let b(m) = -m**2 - 28*m - 21. Let x be b(-25). Calculate the greatest common factor of t and x.
27
Suppose 18*m = 10*m - 32. Let v be m/(-1) - 2 - -32. What is the greatest common divisor of 51 and v?
17
Let k = 69 + -56. Suppose 400 = -9*j + k*j. Let z = j - 48. Calculate the highest common divisor of z and 78.
26
Let y = -58 + 86. Let w(m) = 2*m**2 - 2*m - 14. Let n be w(5). Suppose 23*o - n*o + 42 = 0. Calculate the highest common factor of o and y.
14
Let p(j) = j**3 - 60*j**2 + 245*j - 24. Let r be p(56). What is the highest common factor of r and 1088?
64
Let g(l) = -2*l**2 + 10*l - 29. Let s be g(17). Let h = -363 - s. What is the highest common factor of 37 and h?
37
Let f be (26 + 3)/((-8)/(-584)). What is the greatest common divisor of f and 58?
29
Let o be -40*(1 - 1 - (3 + 292/16)). Calculate the greatest common divisor of o and 306.
34
Let n = -1160 - -1184. What is the greatest common factor of 4344 and n?
24
Suppose -10*n + 13*n + 2*w - 1783 = 0, -3*w + 1182 = 2*n. What is the highest common factor of n and 3383?
199
Let t = 83 - 64. Suppose -t*k = -1034 - 638. Calculate the highest common factor of k and 11.
11
Let l = 107 - 20. Suppose 3*k = -v - l + 447, -k + 120 = 2*v. What is the greatest common factor of k and 10?
10
Let p = -172 + 257. Suppose -99*o = -84*o - 120. Suppose l + 4*x - 9 = o*x, 4*l = x + 21. Calculate the highest common divisor of l and p.
5
Let i = -3597 - -3615. Calculate the highest common divisor of i and 4.
2
Let c be 1 - (-9)/(3/1). Let m(h) be the first derivative of h**4/4 - 7*h**2/2 + 9*h - 39. Let b be m(c). Calculate the greatest common divisor of 45 and b.
45
Let m(b) = -3*b**3 - 14*b**2 + 6*b + 1. Let q be m(-5). Let c be (-96)/q*(-140)/(-30). Calculate the greatest common divisor of c and 504.
56
Let c = 7647 - 5178. Calculate the greatest common factor of c and 6.
3
Let v(b) = -b + 4. Let q be v(5). Let z = q + 57. Let a be (-8 - -7)*9 + -25 + 48. What is the highest common divisor of z and a?
14
Let l = -33740 - -50528. Calculate the highest common factor of 12 and l.
12
Let y(l) = 2*l**2 - 14*l + 15. Let s be y(10). Let j be (146 - -2) + (-22 - -39). Calculate the greatest common divisor of j and s.
15
Let y be ((-563)/20 - 15/25)/(51/(-1224)). Calculate the greatest common divisor of y and 30.
30
Let x(r) = -51*r**2 + 529*r - 1. Let o be x(10). Calculate the greatest common factor of 6111 and o.
63
Suppose i + i - 4*a = 512, -4*i = a - 1024. Let u be i/26 - 7/182*-4. Suppose 0 = 2*w + u - 36. What is the greatest common factor of 104 and w?
13
Let m(o) = o**2 + 11*o - 25. Let k be m(-13). Let q = 9 + k. Let t be (-12)/(-20) + 54/q. What is the greatest common factor of 9 and t?
3
Let u(k) = 7*k**3 + 3*k**2 - 6*k - 17. Let s be u(4). Calculate the greatest common factor of 105 and s.
35
Let y(z) = 25 - z - 20 + 10*z + z. Let l be y(4). Suppose n = 2*d + 25, -4*n = -n - 4*d - 65. Calculate the greatest common factor of l and n.
15
Suppose 2*o + 79 + 93 = 3*d, -8*o = -4*d + 256. Let m be (0 - -1)/1 - -5. Suppose -2*v + 12 = -m. Calculate the highest common divisor of v and d.
9
Let p be ((-215)/(-30))/((-3)/(-18)). Suppose 0 = p*l - 1362 - 2637. What is the greatest common divisor of l and 155?
31
Let b = -101 + 106. Suppose 4*d = b*d - 2. Suppose 3*u - 672 = -5*t - 162, -d*u = 3*t - 339. What is the highest common factor of 33 and u?
33
Suppose -743*i + 745*i = 6. Suppose i*y + 251 - 455 = 0. What is the greatest common divisor of 238 and y?
34
Let w(d) = d + 160. Let k be w(0). Let a be (-12)/36 - (-22)/3. Suppose 72 = a*m - 68. Calculate the greatest common factor of m and k.
20
Let f(l) = 6*l**2 + 30*l - 16. Let r be f(-7). Calculate the greatest common factor of r and 4930.
34
Suppose -5*v - o = -11307, 2*o = -3*v - 3226 + 10013. What is the greatest common divisor of v and 152?
19
Let p(r) = -128*r - 71. Let t be p(-4). Suppose -u - t = -8*u. Calculate the greatest common factor of u and 147.
21
Suppose -23*j + 21*j - 780 = -h, 0 = j + h + 390. Let z = j - -417. What is the highest common divisor of z and 72?
9
Suppose -l + 2*l = 0. Suppose l*p + 3*p - 165 = 0. Let h = 1184 + -1173. Calculate the highest common factor of p and h.
11
Let g = -252 + 248. Let j be 100/40 + (-58)/g. What is the highest common factor of 51 and j?
17
Let r = 57 - -757. What is the greatest common factor of r and 22?
22
Suppose 3*x = 4*v + 2204 - 7123, 0 = v - 4*x - 1233. Suppose 0 = 18*n - 49 - v. Calculate the greatest common factor of n and 71.
71
Let r(b) = -34*b + 7. Let p be r(-11). Let h = 415 - p. What is the greatest common factor of h and 17?
17
Let i be (-2)/(-6) + ((-5271)/9)/(-7). Suppose 4*n - i = -4*x, -4*x - 5 - 30 = -3*n. Suppose -n*z + 84 = -15*z. What is the greatest common divisor of z and 18?
6
Let y(f) = 119*f + 655. Let c be y(-5). Calculate the highest common factor of c and 330.
30
Let m be 2*13425/200*(-8)/(-6). Suppose 178*f + 320 = m*f. Calculate the greatest common factor of f and 20.
20
Let p(b) = -b**3 + 7*b**2 + 4*b - 24. Let v be p(7). Suppose 3*x + 218 = v*r - 2*r, -4*x - 99 = -r. What is the greatest common factor of r and 46?
23
Let a = 948 + -945. Suppose f - 3 - 11 = 0. Suppose a*g = f*g - 968. Calculate the highest common divisor of g and 11.
11
Suppose 5*f + 4*d - 15108 + 5598 = 0, -3*f - 4*d + 5698 = 0. Suppose 5*r - f = -1556. What is the highest common divisor of 210 and r?
70
Let h = -21799 + 23261. Calculate the highest common divisor of 51 and h.
17
Suppose 0 = -273*q + 291*q - 756. Calculate the highest common factor of 12 and q.
6
Suppose -p - 2*l = -0*p - 210, -4*l - 479 = -547. Suppose a + 4*o = 24, -17 + 103 = 3*a + 5*o. What is the highest common factor of a and p?
16
Suppose -5*r = -2*r - b - 1757, 2334 = 4*r + 3*b. Let s = -670 - -735. What is the greatest common factor of r and s?
65
Let y be (3 - 1) + 16677/(-27)*6. Let g be y/(-22) - 52/143. Suppose 0 = -q + j + 16, -2*q - 6 = j - 32. What is the highest common divisor of q and g?
14
Suppose 4*c - 3*s - 6 = 0, 2*s - 6 + 2 = 0. Suppose -c = u + o, -u + 26*o - 24*o = -12. What is the greatest common divisor of u and 126?
2
Suppose b - 4*a + 346 = 2*b, -994 = -3*b - a. Le